{"id":113,"date":"2019-01-03T19:14:34","date_gmt":"2019-01-03T18:14:34","guid":{"rendered":"https:\/\/hufe-im-gleichgewicht.de\/site\/?page_id=113"},"modified":"2019-01-05T19:59:25","modified_gmt":"2019-01-05T18:59:25","slug":"umstellungsphase","status":"publish","type":"page","link":"https:\/\/hufe-im-gleichgewicht.de\/?page_id=113","title":{"rendered":"Umstellungsphase"},"content":{"rendered":"<p><strong><span style=\"color: #008000;\">Was Sie bei der Umstellung von Beschlag auf Barhuf wissen sollten:<\/span><\/strong><\/p>\n<p>Ganz wichtig ist, die Umstellung ist kein fertiger Zustand, sondern ein Prozess! Und nicht jede Umstellung verl\u00e4uft gleich.<\/p>\n<ul>\n<li>im Verlauf k\u00f6nnen alte Bluterg\u00fcsse herauswachsen,\u00a0vor allem wenn die wei\u00dfe Linie gezerrt ist<\/li>\n<li>es kann zu Hufgeschw\u00fcren kommen, vor allem bei d\u00fcnner Sohle, oder wenn abgestorbenes Zellmaterial nach au\u00dfen transportiert wird<\/li>\n<li>es kann zu F\u00fchligkeiten kommen, vor allem direkt nach der Eisenabnahme, auf Schotterboden o.\u00c4., da die Hufsohle noch nicht dick genug ist<\/li>\n<li>durch die verbesserte Durchblutung kann es am Anfang zu Schmerzen kommen, vergleichbar mit eingeschlafenen Beinen, die Pferde stampfen mit den Hufen auf oder scharren<\/li>\n<li>die Umstellungsphase kann bis zu einem Jahr dauern (i.d.R. braucht der Huf ein Jahr um einmal komplett durchzuwachsen)<\/li>\n<li>im Winter wenn es besonders feucht ist kann es bei Trachtenzwanghufen schnell zu Strahlf\u00e4ule kommen<\/li>\n<li>je nach Zustand der Hufe nach Eisenabnahme kann die \u00dcbergangsphase k\u00fcrzer oder manchmal auch l\u00e4nger sein<\/li>\n<li>der Huf bekommt ein Sohlengew\u00f6lbe wenn die wei\u00dfe Linie wieder eine gute Verbindung hat<\/li>\n<\/ul>\n<p><strong><span style=\"color: #339966;\">F\u00f6rderlich ist:<\/span><\/strong><\/p>\n<ul>\n<li>ein regelm\u00e4\u00dfiger Bearbeitungsintervall, am Anfang evtl. in k\u00fcrzeren Abst\u00e4nden damit die Hufwand nicht zu lang wird und das Abrollen erleichtert wird<\/li>\n<li>Bewegung auf festen B\u00f6den\u00a0bis eine evtl. vorhandene Entz\u00fcndung der Lederhaut abgeklungen ist und die wei\u00dfe Linie eine stabilere Verbindung aufweist<\/li>\n<li>danach ist Bewegung auf unterschiedlichen B\u00f6den m\u00f6glich und sinnvoll<\/li>\n<li>m\u00f6glichst viel Auslauf, Bewegung f\u00f6rdert Durchblutung f\u00f6rdert Hufwachstum<\/li>\n<\/ul>\n","protected":false},"excerpt":{"rendered":"<p>Was Sie bei der Umstellung von Beschlag auf Barhuf wissen sollten: Ganz wichtig ist, die Umstellung ist kein fertiger Zustand, sondern ein Prozess! Und nicht jede Umstellung verl\u00e4uft gleich. im <a href=\"https:\/\/hufe-im-gleichgewicht.de\/?page_id=113\" class=\"more-link\">[&hellip;]<\/a><\/p>\n","protected":false},"author":1,"featured_media":0,"parent":0,"menu_order":0,"comment_status":"closed","ping_status":"closed","template":"","meta":{"Layout":"","footnotes":""},"class_list":["entry","author-simone","post-113","page","type-page","status-publish"],"_links":{"self":[{"href":"https:\/\/hufe-im-gleichgewicht.de\/index.php?rest_route=\/wp\/v2\/pages\/113","targetHints":{"allow":["GET"]}}],"collection":[{"href":"https:\/\/hufe-im-gleichgewicht.de\/index.php?rest_route=\/wp\/v2\/pages"}],"about":[{"href":"https:\/\/hufe-im-gleichgewicht.de\/index.php?rest_route=\/wp\/v2\/types\/page"}],"author":[{"embeddable":true,"href":"https:\/\/hufe-im-gleichgewicht.de\/index.php?rest_route=\/wp\/v2\/users\/1"}],"replies":[{"embeddable":true,"href":"https:\/\/hufe-im-gleichgewicht.de\/index.php?rest_route=%2Fwp%2Fv2%2Fcomments&post=113"}],"version-history":[{"count":22,"href":"https:\/\/hufe-im-gleichgewicht.de\/index.php?rest_route=\/wp\/v2\/pages\/113\/revisions"}],"predecessor-version":[{"id":138,"href":"https:\/\/hufe-im-gleichgewicht.de\/index.php?rest_route=\/wp\/v2\/pages\/113\/revisions\/138"}],"wp:attachment":[{"href":"https:\/\/hufe-im-gleichgewicht.de\/index.php?rest_route=%2Fwp%2Fv2%2Fmedia&parent=113"}],"curies":[{"name":"wp","href":"https:\/\/api.w.org\/{rel}","templated":true}]}}