{"id":19,"date":"2015-10-23T09:25:59","date_gmt":"2015-10-23T07:25:59","guid":{"rendered":"http:\/\/hufe-im-gleichgewicht.de\/site\/?page_id=19"},"modified":"2015-12-09T12:14:20","modified_gmt":"2015-12-09T11:14:20","slug":"barhufpflege-und-ganzheitliche-hufbearbeitung","status":"publish","type":"page","link":"https:\/\/hufe-im-gleichgewicht.de\/","title":{"rendered":"Barhufpflege und ganzheitliche Hufbearbeitung"},"content":{"rendered":"<p>Willkommen auf meiner Seite f\u00fcr\u00a0Barhufpflege in der Wetterau und Umgebung.<\/p>\n<p>Ich begleite Sie auf dem Weg zu einem gesunden Huf.<br \/>\nDabei biete ich regelm\u00e4\u00dfige Barhufpflege f\u00fcr Pferde und Esel\u00a0und gehe auf jedes Tier individuell ein.<br \/>\nDa F\u00fctterung und Haltung gro\u00dfen Einfluss auf das Wohlbefinden und das Hufwachstum haben, berate ich Sie auch hierzu sehr gerne.<\/p>\n<p>Wenn Sie Fragen haben, kontaktieren Sie mich bitte, und ich berate Sie gerne pers\u00f6nlich.<\/p>\n<p>Simone K\u00f3sa-Rie\u00df<\/p>\n","protected":false},"excerpt":{"rendered":"<p>Willkommen auf meiner Seite f\u00fcr\u00a0Barhufpflege in der Wetterau und Umgebung. Ich begleite Sie auf dem Weg zu einem gesunden Huf. Dabei biete ich regelm\u00e4\u00dfige Barhufpflege f\u00fcr Pferde und Esel\u00a0und gehe <a href=\"https:\/\/hufe-im-gleichgewicht.de\/\" class=\"more-link\">[&hellip;]<\/a><\/p>\n","protected":false},"author":1,"featured_media":0,"parent":0,"menu_order":0,"comment_status":"closed","ping_status":"closed","template":"","meta":{"Layout":"","footnotes":""},"class_list":["entry","author-simone","post-19","page","type-page","status-publish"],"_links":{"self":[{"href":"https:\/\/hufe-im-gleichgewicht.de\/index.php?rest_route=\/wp\/v2\/pages\/19","targetHints":{"allow":["GET"]}}],"collection":[{"href":"https:\/\/hufe-im-gleichgewicht.de\/index.php?rest_route=\/wp\/v2\/pages"}],"about":[{"href":"https:\/\/hufe-im-gleichgewicht.de\/index.php?rest_route=\/wp\/v2\/types\/page"}],"author":[{"embeddable":true,"href":"https:\/\/hufe-im-gleichgewicht.de\/index.php?rest_route=\/wp\/v2\/users\/1"}],"replies":[{"embeddable":true,"href":"https:\/\/hufe-im-gleichgewicht.de\/index.php?rest_route=%2Fwp%2Fv2%2Fcomments&post=19"}],"version-history":[{"count":11,"href":"https:\/\/hufe-im-gleichgewicht.de\/index.php?rest_route=\/wp\/v2\/pages\/19\/revisions"}],"predecessor-version":[{"id":67,"href":"https:\/\/hufe-im-gleichgewicht.de\/index.php?rest_route=\/wp\/v2\/pages\/19\/revisions\/67"}],"wp:attachment":[{"href":"https:\/\/hufe-im-gleichgewicht.de\/index.php?rest_route=%2Fwp%2Fv2%2Fmedia&parent=19"}],"curies":[{"name":"wp","href":"https:\/\/api.w.org\/{rel}","templated":true}]}}